of 46816754?
False
Is 147152668 a multiple of 2054?
True
Does 9 divide 2919107637?
True
Is 10769968 a multiple of 44?
True
Does 4316 divide 337019487?
False
Does 458 divide 427330257?
False
Is 551 a factor of 2663103118?
True
Does 722 divide 475690422?
True
Is 494018120 a multiple of 40?
True
Does 2569 divide 118421202?
False
Is 319919448 a multiple of 5?
False
Does 12 divide 2168189?
False
Is 8 a factor of 951488650?
False
Does 20 divide 200865717?
False
Does 63 divide 1080021086?
False
Does 10 divide 103103530?
True
Is 351865086 a multiple of 14087?
True
Does 19 divide 8907464?
False
Does 720 divide 925041754?
False
Is 379 a factor of 17123592?
False
Is 97823906 even?
True
Is 80011711 a multiple of 374?
False
Is 37010145 a multiple of 2285?
True
Is 93732800 a multiple of 350?
True
Is 659873457 a multiple of 131?
False
Is 5 a factor of 71715196?
False
Does 82 divide 187925757?
False
Is 785 a factor of 3605249875?
True
Does 53 divide 152020748?
True
Is 1625 a factor of 1852641679?
False
Does 26 divide 37429678?
True
Is 18 a factor of 2331757757?
False
Is 11 a factor of 1081954159?
True
Does 8 divide 339959404?
False
Is 73 a factor of 14020728?
False
Does 5277 divide 2396085174?
True
Is 45818134 a multiple of 227?
True
Does 54 divide 3327966?
True
Is 11637431 a multiple of 2304?
False
Does 10 divide 9862600?
True
Is 3604 a factor of 236706926?
False
Is 55 a factor of 121670167?
False
Does 403 divide 248289106?
True
Is 4005 a factor of 76002885?
True
Is 52830696 a multiple of 744?
True
Does 15 divide 15829770?
True
Does 41 divide 34696923?
False
Is 31 a factor of 326268916?
False
Is 16569630 a multiple of 16?
False
Does 132 divide 5870783?
False
Is 23 a factor of 24823608?
False
Does 2212 divide 1598939392?
False
Does 57 divide 22709116?
False
Is 95331657 a multiple of 31?
False
Does 931 divide 14191421?
False
Is 1323 a factor of 30812670?
True
Is 62515125 a multiple of 125?
True
Does 2571 divide 17400528?
True
Is 775329263 a multiple of 108?
False
Is 9 a factor of 2289843?
True
Does 4462 divide 3698679239?
False
Is 18 a factor of 22467978?
True
Is 51935312 a multiple of 572?
True
Is 181 a factor of 210449062?
True
Is 2071 a factor of 86813028?
False
Does 3228 divide 51057276?
True
Is 3587476 a multiple of 34?
True
Is 12570124 a multiple of 497?
True
Is 174 a factor of 2294750414?
False
Is 251 a factor of 4432737147?
False
Does 72 divide 81587693?
False
Is 42005152 a multiple of 86?
True
Does 119 divide 6445674?
False
Does 3 divide 2861046?
True
Does 985 divide 18892372?
False
Is 10 a factor of 236219440?
True
Does 578 divide 22258701?
False
Does 48 divide 2468900544?
True
Does 213 divide 76548981?
False
Is 8 a factor of 1535131?
False
Does 44 divide 27950076?
True
Is 1004 a factor of 7631488?
False
Does 1167 divide 35581830?
True
Does 107 divide 41912538?
False
Does 17 divide 401061826?
False
Is 724132864 a multiple of 208?
True
Is 125 a factor of 21633125?
True
Is 4806 a factor of 3205160817?
False
Is 656292076 a multiple of 44?
True
Is 361588960 a multiple of 155?
True
Is 108 a factor of 833541072?
False
Is 53196820 a multiple of 5?
True
Is 18 a factor of 44658?
True
Is 20 a factor of 42721457?
False
Does 10 divide 16327110?
True
Does 118 divide 48008182?
True
Does 1111 divide 30997028?
False
Is 13 a factor of 120725741?
False
Does 703 divide 7979450?
False
Does 9 divide 3936717?
True
Is 14 a factor of 11361056?
True
Does 6 divide 29826458?
False
Is 44314648 a multiple of 14?
True
Does 9 divide 14453352?
True
Does 39 divide 20790120?
True
Is 1500 a factor of 45024000?
True
Is 1279639179 a multiple of 6883?
True
Is 894667995 a multiple of 39?
True
Is 156 a factor of 24305231?
False
Is 155842074 a multiple of 626?
True
Does 20 divide 1407989846?
False
Is 52497342 a multiple of 2047?
False
Is 1753 a factor of 1308256888?
True
Is 2572180 a multiple of 35?
False
Does 3 divide 300303?
True
Is 1137032652 a multiple of 14?
True
Is 35 a factor of 982578275?
True
Is 609 a factor of 32198912?
False
Is 1215595681 a multiple of 25?
False
Is 2133144825 a multiple of 140?
False
Is 64 a factor of 2931776?
True
Does 7 divide 12746678?
True
Does 185 divide 71209755?
False
Is 1658 a factor of 138650250?
True
Is 14 a factor of 16588082?
True
Is 106428027 a multiple of 2702?
False
Is 98 a factor of 870840642?
True
Does 53 divide 34996959?
False
Is 4214777 a multiple of 50?
False
Does 12 divide 3630693?
False
Is 79804088 a multiple of 28?
True
Is 4 a factor of 1165583058?
False
Is 1806892 a multiple of 867?
False
Is 20 a factor of 287876980?
True
Is 17894483 a multiple of 102?
False
Is 20 a factor of 56905008?
False
Is 3 a factor of 9128006?
False
Is 10 a factor of 6624980?
True
Is 20 a factor of 395762361?
False
Is 5092152912 a multiple of 198?
True
Is 306208 a multiple of 14?
True
Does 363 divide 5655087?
False
Is 1393 a factor of 170820667?
False
Is 96741855 a multiple of 5?
True
Is 404776935 a multiple of 7745?
True
Is 30 a factor of 761407380?
True
Is 483091002 a multiple of 871?
False
Does 684 divide 16932420?
True
Does 2 divide 30237471?
False
Does 49 divide 236773919?
False
Does 17 divide 29258071?
True
Does 10 divide 55700310?
True
Is 363 a factor of 69995221?
False
Does 4 divide 7764699?
False
Is 60 a factor of 273641072?
False
Is 34 a factor of 553039206?
True
Is 23944713 a multiple of 2?
False
Is 42285390 a multiple of 42?
True
Is 1696762812 a multiple of 4607?
False
Is 794 a factor of 803886094?
True
Does 19 divide 1197360236?
False
Is 4146425 a multiple of 125?
False
Does 39 divide 2545096543?
False
Is 8 a factor of 1873113872?
True
Does 137 divide 1147568278?
False
Is 91163296 a multiple of 6?
False
Is 443 a factor of 27528171?
False
Is 17362176 a multiple of 13?
True
Does 233 divide 240786547?
False
Is 6 a factor of 73672362?
True
Is 127891435 a multiple of 7?
True
Is 4 a factor of 3753313?
False
Is 43526883 a multiple of 90?
False
Is 24340248 a multiple of 72?
True
Is 115 a factor of 14824765?
True
Is 59774670 a multiple of 590?
True
Does 39 divide 12602109?
True
Is 9798 a factor of 527867250?
True
Is 14 a factor of 1243578?
True
Does 189 divide 11639187?
True
Is 163 a factor of 380221461?
True
Is 510972603 a multiple of 44?
False
Is 375111620 a multiple of 3716?
True
Does 42 divide 542968916?
False
Is 399 a factor of 2736798?
False
Is 912 a factor of 103346016?
True
Is 839300586 a multiple of 6?
True
Is 10536509 a multiple of 14?
False
Is 86747572 a multiple of 205?
False
Does 37 divide 40687194?
False
Does 38 divide 3060279004?
True
Does 65 divide 264559100?
True
Is 735 a factor of 41960415?
True
Is 549 a factor of 77466945?
False
Is 403005305 a multiple of 18?
False
Does 2328 divide 109595256?
True
Does 4000 divide 107562776?
False
Does 397 divide 33957395?
True
Does 7785 divide 1275611175?
True
Is 997266435 a multiple of 12135?
True
Does 248 divide 26934040?
True
Does 16 divide 1188895312?
True
Is 44800272 a multiple of 33?
True
Does 2642 divide 4301144259?
False
Is 31027608 a multiple of 57?
True
Is 26 a factor of 1748102980?
True
Does 2 divide 10622146?
True
Is 4 a factor of 43577272?
True
Does 2835 divide 757903638?
False
Does 686 divide 62093290?
True
Does 27 divide 1673562979?
False
Is 60596424 a multiple of 17?
False
Is 134 a factor of 2233600440?
True
Is 79691038 a multiple of 118?
False
Is 131798277 a multiple of 13?
True
Is 8 a factor of 85158325?
False
Is 31 a factor of 297019452?
False
Is 2828 a factor of 1044340?
False
Does 16 divide 495823465?
False
Is 242 a factor of 412918308?
True
Does 90 divide 108353610?
True
Does 12 divide 3441982524?
True
Is 38393937 a multiple of 16?
False
Is 205 a factor of 263095155?
True
Does 2 divide 23407237?
False
Does 11 divide 100305727?
False
Is 37613290 a multiple of 18?
False
Does 127 divide 685872644?
True
Does 9 divide 379946435?
False
Is 10 a factor of 15597779?
False
Is 515000 a multiple of 125?
True
Is 6241 a factor of 3018103913?
True
Is 2433 a factor of 9526573?
False
Is 169447922 a multiple of 40?
False
Is 360 a factor of 29653780?
False
Is 2822118 a multiple of 26?
True
Is 14 a factor of 169669285?
False
Does 583 divide 3884394?
False
Is 7730530 a multiple of 210?
False
Is 171136909 a multiple of 1997?
True
Does 1093 divide 65744434?
False
Is 214 a factor of 2027008?
True
Does 19 d